{"id":49,"date":"2022-08-31T09:57:02","date_gmt":"2022-08-31T09:57:02","guid":{"rendered":"https:\/\/www.kuzdraveni.cz\/?page_id=49"},"modified":"2023-03-21T15:19:17","modified_gmt":"2023-03-21T15:19:17","slug":"podcasty","status":"publish","type":"page","link":"https:\/\/www.kuzdraveni.cz\/?page_id=49","title":{"rendered":"Podcasty"},"content":{"rendered":"[vc_row type=&#8220;full_width_content&#8220; full_screen_row_position=&#8220;middle&#8220; column_margin=&#8220;default&#8220; equal_height=&#8220;yes&#8220; column_direction=&#8220;default&#8220; column_direction_tablet=&#8220;default&#8220; column_direction_phone=&#8220;default&#8220; scene_position=&#8220;center&#8220; text_color=&#8220;dark&#8220; text_align=&#8220;left&#8220; row_border_radius=&#8220;none&#8220; row_border_radius_applies=&#8220;bg&#8220; overflow=&#8220;visible&#8220; overlay_strength=&#8220;0.3&#8243; gradient_direction=&#8220;left_to_right&#8220; shape_divider_position=&#8220;bottom&#8220; bg_image_animation=&#8220;none&#8220; gradient_type=&#8220;default&#8220; shape_type=&#8220;&#8220;][vc_column column_padding=&#8220;no-extra-padding&#8220; column_padding_tablet=&#8220;inherit&#8220; column_padding_phone=&#8220;inherit&#8220; column_padding_position=&#8220;all&#8220; column_element_direction_desktop=&#8220;default&#8220; column_element_spacing=&#8220;default&#8220; desktop_text_alignment=&#8220;default&#8220; tablet_text_alignment=&#8220;default&#8220; phone_text_alignment=&#8220;default&#8220; background_color_opacity=&#8220;1&#8243; background_hover_color_opacity=&#8220;1&#8243; column_backdrop_filter=&#8220;none&#8220; column_shadow=&#8220;none&#8220; column_border_radius=&#8220;none&#8220; column_link_target=&#8220;_self&#8220; column_position=&#8220;default&#8220; gradient_direction=&#8220;left_to_right&#8220; overlay_strength=&#8220;0.3&#8243; width=&#8220;1\/1&#8243; tablet_width_inherit=&#8220;default&#8220; animation_type=&#8220;default&#8220; bg_image_animation=&#8220;none&#8220; border_type=&#8220;simple&#8220; column_border_width=&#8220;none&#8220; column_border_style=&#8220;solid&#8220; column_padding_type=&#8220;default&#8220; gradient_type=&#8220;default&#8220;][recent_posts style=&#8220;single_large_featured&#8220; large_featured_padding=&#8220;20%&#8220; button_color=&#8220;Accent-Color&#8220; bg_overlay=&#8220;solid_color&#8220; category=&#8220;podcasty-2&#8243; order=&#8220;DESC&#8220; orderby=&#8220;date&#8220; image_loading=&#8220;lazy-load&#8220; blog_remove_post_date=&#8220;true&#8220; blog_remove_post_author=&#8220;true&#8220; blog_remove_post_comment_number=&#8220;true&#8220; blog_remove_post_nectar_love=&#8220;true&#8220;][\/vc_column][\/vc_row][vc_row type=&#8220;in_container&#8220; full_screen_row_position=&#8220;middle&#8220; column_margin=&#8220;default&#8220; column_direction=&#8220;default&#8220; column_direction_tablet=&#8220;default&#8220; column_direction_phone=&#8220;default&#8220; scene_position=&#8220;center&#8220; top_padding=&#8220;20&#8243; constrain_group_1=&#8220;yes&#8220; bottom_padding=&#8220;20&#8243; text_color=&#8220;dark&#8220; text_align=&#8220;left&#8220; row_border_radius=&#8220;none&#8220; row_border_radius_applies=&#8220;bg&#8220; overflow=&#8220;visible&#8220; overlay_strength=&#8220;0.3&#8243; gradient_direction=&#8220;left_to_right&#8220; shape_divider_position=&#8220;bottom&#8220; bg_image_animation=&#8220;none&#8220; gradient_type=&#8220;default&#8220; shape_type=&#8220;&#8220;][vc_column column_padding=&#8220;no-extra-padding&#8220; column_padding_tablet=&#8220;inherit&#8220; column_padding_phone=&#8220;inherit&#8220; column_padding_position=&#8220;all&#8220; column_element_direction_desktop=&#8220;default&#8220; column_element_spacing=&#8220;default&#8220; desktop_text_alignment=&#8220;default&#8220; tablet_text_alignment=&#8220;default&#8220; phone_text_alignment=&#8220;default&#8220; background_color_opacity=&#8220;1&#8243; background_hover_color_opacity=&#8220;1&#8243; column_backdrop_filter=&#8220;none&#8220; column_shadow=&#8220;none&#8220; column_border_radius=&#8220;none&#8220; column_link_target=&#8220;_self&#8220; column_position=&#8220;default&#8220; gradient_direction=&#8220;left_to_right&#8220; overlay_strength=&#8220;0.3&#8243; width=&#8220;1\/1&#8243; tablet_width_inherit=&#8220;default&#8220; animation_type=&#8220;default&#8220; bg_image_animation=&#8220;none&#8220; border_type=&#8220;simple&#8220; column_border_width=&#8220;none&#8220; column_border_style=&#8220;solid&#8220;][vc_column_text]<div id=\"jesaei-player-container\" class=\"pro-active-no \"><div id=\"jesaei-player-loading-animation\" class=\"lds-ellipsis\"><div><\/div><div><\/div><div><\/div><div><\/div><\/div><iframe id=\"jesaei-anchor-podcast-iframe\" src=\"https:\/\/podcasters.spotify.com\/pod\/show\/kuzdraveni\/embed\" style=\"width: 100%;\" frameborder=\"0\" scrolling=\"no\" name=\"jesaei_podcast_iframe\"><\/iframe><div id=\"jesaei-podcast-list-container\" class=\"jesaei-podcast-list-container styles__episodeFeed___3mOKz\">\n        <div class=\"styles__episodeFeedItem___1U6E2 \">\n          <span class=\"styles__isActiveEpisode___cXlB4\"><\/span>  \n          <a class=\"jesaeip-episode-play-btn podcast-list-link styles__episodeImage___tMifW\" href=\"https:\/\/podcasters.spotify.com\/pod\/show\/kuzdraveni\/embed\/episodes\/Meditace--Jga-Jak-jednodue-zat-e2362p8\" target=\"jesaei_podcast_iframe\">\n            <img decoding=\"async\" src=\"https:\/\/d3t3ozftmdmh3i.cloudfront.net\/staging\/podcast_uploaded_episode\/36782056\/36782056-1682686754893-b88a904281dfa.jpg\">\n            <button class=\"styles__circle___1g-9u styles__white___372tQ styles__playButton___1Ivi4 styles__playButton___1uaGA\" aria-label=\"\" style=\"height: 31px; min-height: 31px; width: 31px; min-width: 31px; border-radius: 16px;\">\n              <svg class=\"jesaeip-episode-play-icon\" xmlns=\"http:\/\/www.w3.org\/2000\/svg\" viewBox=\"-1 0 11 12\" width=\"13\" height=\"13\">\n                <rect width=\"12\" height=\"12\" fill=\"none\"><\/rect>\n                <path d=\"M1 .81v10.38a.76.76 0 0 0 .75.75.67.67 0 0 0 .39-.12l8.42-5.18a.75.75 0 0 0 0-1.28L2.14.18a.75.75 0 0 0-1 .24.79.79 0 0 0-.14.39z\" fill=\"#282F36\"><\/path>\n              <\/svg>\n              <svg class=\"jesaeip-episode-pause-icon\" viewBox=\"0 0 12 12\" xmlns=\"http:\/\/www.w3.org\/2000\/svg\" width=\"13\" height=\"13\" aria-label=\"pause icon\"><rect x=\".03\" width=\"12\" height=\"12\" fill=\"none\"><\/rect><path d=\"M8.45 0h1.83a.75.75 0 0 1 .72.75v10.5a.75.75 0 0 1-.75.75h-1.8a.75.75 0 0 1-.75-.75V.75A.75.75 0 0 1 8.45 0zM1.78 0h1.83a.75.75 0 0 1 .75.75v10.5a.75.75 0 0 1-.75.75H1.78a.76.76 0 0 1-.78-.75V.75A.76.76 0 0 1 1.78 0z\" fill=\"#282F36\"><\/path><\/svg>\n            <\/button>\n          <\/a>\n          <a class=\"podcast-list-link\" href=\"https:\/\/podcasters.spotify.com\/pod\/show\/kuzdraveni\/embed\/episodes\/Meditace--Jga-Jak-jednodue-zat-e2362p8\" target=\"jesaei_podcast_iframe\" data-audio-url=\"https:\/\/anchor.fm\/s\/dbd58d20\/podcast\/play\/69454056\/https%3A%2F%2Fd3ctxlq1ktw2nl.cloudfront.net%2Fproduction%2Fexports%2Fdbd58d20%2F69454056%2Fdb3c419b2b42c14d45b609170d8d766b.m4a\">\n            <div class=\"styles__episodeHeading___29q7v\">\n              <div>\n                <div>Meditace & J\u00f3ga: Jak jednodu\u0161e za\u010d\u00ed...<\/div>\n              <\/div>\n            <\/div>\n          <\/a>\n          <div class=\"styles__episodeDescription___C3oZg \">\n            <div class=\"styles__expander___1NNVb styles__expander--dark___3Qxhe\">\n              <div>\n                <div class=\"podcast-description\">V dne\u0161n\u00edm d\u00edle se dozv\u00edte, jak jednodu\u0161e za\u010d\u00edt s meditac\u00ed \u010di j\u00f3gou. Kdy a kde meditovat. \u010ceho se vyvaro<span class=\"podcast-description-show-more-btn\" data-full-description=\"&lt;p&gt;V dne&scaron;n&iacute;m d&iacute;le se dozv&iacute;te, jak jednodu&scaron;e za\u010d&iacute;t s meditac&iacute; \u010di j&oacute;gou. Kdy a kde meditovat. \u010ceho se vyvarovat. Na co p\u0159i j&oacute;ze, meditaci myslet a jak dlouho meditovat. To v&scaron;e a je&scaron;t\u011b v&iacute;ce v&aacute;m pov&iacute; Jan\u010da (Jana Slancov&aacute;), kter&aacute; se u\u010dila v samotn&eacute; Indii a Myanmaru.&lt;\/p&gt;\n\">...<\/span><\/div>\n              <\/div>\n            <\/div>\n          <\/div>\n          <div class=\"styles__episodeDuration___2I0Qb\">00:43:55<\/div>\n          <div class=\"styles__episodeCreated___1zP5p\">April 28, 2023<\/div>\n        <\/div>\n      \n        <div class=\"styles__episodeFeedItem___1U6E2 \">\n          <span class=\"styles__isActiveEpisode___cXlB4\"><\/span>  \n          <a class=\"jesaeip-episode-play-btn podcast-list-link styles__episodeImage___tMifW\" href=\"https:\/\/podcasters.spotify.com\/pod\/show\/kuzdraveni\/embed\/episodes\/Mj-pbh-s-Crohnem-e1vruu5\" target=\"jesaei_podcast_iframe\">\n            <img decoding=\"async\" src=\"https:\/\/d3t3ozftmdmh3i.cloudfront.net\/production\/podcast_uploaded_episode400\/36782056\/36782056-1678028729735-be548f56cc774.jpg\">\n            <button class=\"styles__circle___1g-9u styles__white___372tQ styles__playButton___1Ivi4 styles__playButton___1uaGA\" aria-label=\"\" style=\"height: 31px; min-height: 31px; width: 31px; min-width: 31px; border-radius: 16px;\">\n              <svg class=\"jesaeip-episode-play-icon\" xmlns=\"http:\/\/www.w3.org\/2000\/svg\" viewBox=\"-1 0 11 12\" width=\"13\" height=\"13\">\n                <rect width=\"12\" height=\"12\" fill=\"none\"><\/rect>\n                <path d=\"M1 .81v10.38a.76.76 0 0 0 .75.75.67.67 0 0 0 .39-.12l8.42-5.18a.75.75 0 0 0 0-1.28L2.14.18a.75.75 0 0 0-1 .24.79.79 0 0 0-.14.39z\" fill=\"#282F36\"><\/path>\n              <\/svg>\n              <svg class=\"jesaeip-episode-pause-icon\" viewBox=\"0 0 12 12\" xmlns=\"http:\/\/www.w3.org\/2000\/svg\" width=\"13\" height=\"13\" aria-label=\"pause icon\"><rect x=\".03\" width=\"12\" height=\"12\" fill=\"none\"><\/rect><path d=\"M8.45 0h1.83a.75.75 0 0 1 .72.75v10.5a.75.75 0 0 1-.75.75h-1.8a.75.75 0 0 1-.75-.75V.75A.75.75 0 0 1 8.45 0zM1.78 0h1.83a.75.75 0 0 1 .75.75v10.5a.75.75 0 0 1-.75.75H1.78a.76.76 0 0 1-.78-.75V.75A.76.76 0 0 1 1.78 0z\" fill=\"#282F36\"><\/path><\/svg>\n            <\/button>\n          <\/a>\n          <a class=\"podcast-list-link\" href=\"https:\/\/podcasters.spotify.com\/pod\/show\/kuzdraveni\/embed\/episodes\/Mj-pbh-s-Crohnem-e1vruu5\" target=\"jesaei_podcast_iframe\" data-audio-url=\"https:\/\/anchor.fm\/s\/dbd58d20\/podcast\/play\/65976709\/https%3A%2F%2Fd3ctxlq1ktw2nl.cloudfront.net%2Fproduction%2Fexports%2Fdbd58d20%2F65976709%2Fd5d4325d4d530fa39e9a2c6a3ffcea6e.m4a\">\n            <div class=\"styles__episodeHeading___29q7v\">\n              <div>\n                <div>M\u016fj p\u0159\u00edb\u011bh s Crohnem<\/div>\n              <\/div>\n            <\/div>\n          <\/a>\n          <div class=\"styles__episodeDescription___C3oZg \">\n            <div class=\"styles__expander___1NNVb styles__expander--dark___3Qxhe\">\n              <div>\n                <div class=\"podcast-description\">P\u00e1r slov o m\u00e9m \u017eivot\u011b s Crohnem a co vedlo ke vzniku tohoto podcastu\n<\/div>\n              <\/div>\n            <\/div>\n          <\/div>\n          <div class=\"styles__episodeDuration___2I0Qb\">00:50:54<\/div>\n          <div class=\"styles__episodeCreated___1zP5p\">March 05, 2023<\/div>\n        <\/div>\n      <\/div>[\/vc_column_text][\/vc_column][\/vc_row]\n","protected":false},"excerpt":{"rendered":"<p>[vc_row type=&#8220;full_width_content&#8220; full_screen_row_position=&#8220;middle&#8220; column_margin=&#8220;default&#8220; equal_height=&#8220;yes&#8220; column_direction=&#8220;default&#8220; column_direction_tablet=&#8220;default&#8220; column_direction_phone=&#8220;default&#8220; scene_position=&#8220;center&#8220; text_color=&#8220;dark&#8220; text_align=&#8220;left&#8220; row_border_radius=&#8220;none&#8220; row_border_radius_applies=&#8220;bg&#8220; overflow=&#8220;visible&#8220; overlay_strength=&#8220;0.3&#8243; gradient_direction=&#8220;left_to_right&#8220; shape_divider_position=&#8220;bottom&#8220; bg_image_animation=&#8220;none&#8220; gradient_type=&#8220;default&#8220; shape_type=&#8220;&#8220;][vc_column column_padding=&#8220;no-extra-padding&#8220; column_padding_tablet=&#8220;inherit&#8220; column_padding_phone=&#8220;inherit&#8220; column_padding_position=&#8220;all&#8220; column_element_direction_desktop=&#8220;default&#8220; column_element_spacing=&#8220;default&#8220; desktop_text_alignment=&#8220;default&#8220; tablet_text_alignment=&#8220;default&#8220; phone_text_alignment=&#8220;default&#8220; background_color_opacity=&#8220;1&#8243; background_hover_color_opacity=&#8220;1&#8243; column_backdrop_filter=&#8220;none&#8220; column_shadow=&#8220;none&#8220; column_border_radius=&#8220;none&#8220; column_link_target=&#8220;_self&#8220; column_position=&#8220;default&#8220; gradient_direction=&#8220;left_to_right&#8220; overlay_strength=&#8220;0.3&#8243; width=&#8220;1\/1&#8243; tablet_width_inherit=&#8220;default&#8220; animation_type=&#8220;default&#8220; bg_image_animation=&#8220;none&#8220; border_type=&#8220;simple&#8220; column_border_width=&#8220;none&#8220; column_border_style=&#8220;solid&#8220; column_padding_type=&#8220;default&#8220; gradient_type=&#8220;default&#8220;][recent_posts style=&#8220;single_large_featured&#8220; large_featured_padding=&#8220;20%&#8220; button_color=&#8220;Accent-Color&#8220;&#8230;<\/p>\n","protected":false},"author":1,"featured_media":0,"parent":0,"menu_order":0,"comment_status":"closed","ping_status":"closed","template":"","meta":{"footnotes":""},"class_list":["post-49","page","type-page","status-publish"],"_links":{"self":[{"href":"https:\/\/www.kuzdraveni.cz\/index.php?rest_route=\/wp\/v2\/pages\/49","targetHints":{"allow":["GET"]}}],"collection":[{"href":"https:\/\/www.kuzdraveni.cz\/index.php?rest_route=\/wp\/v2\/pages"}],"about":[{"href":"https:\/\/www.kuzdraveni.cz\/index.php?rest_route=\/wp\/v2\/types\/page"}],"author":[{"embeddable":true,"href":"https:\/\/www.kuzdraveni.cz\/index.php?rest_route=\/wp\/v2\/users\/1"}],"replies":[{"embeddable":true,"href":"https:\/\/www.kuzdraveni.cz\/index.php?rest_route=%2Fwp%2Fv2%2Fcomments&post=49"}],"version-history":[{"count":10,"href":"https:\/\/www.kuzdraveni.cz\/index.php?rest_route=\/wp\/v2\/pages\/49\/revisions"}],"predecessor-version":[{"id":292,"href":"https:\/\/www.kuzdraveni.cz\/index.php?rest_route=\/wp\/v2\/pages\/49\/revisions\/292"}],"wp:attachment":[{"href":"https:\/\/www.kuzdraveni.cz\/index.php?rest_route=%2Fwp%2Fv2%2Fmedia&parent=49"}],"curies":[{"name":"wp","href":"https:\/\/api.w.org\/{rel}","templated":true}]}}